et w(q) = -3*q**2 + 8*q - 3. Determine w(d).
-38
Let c(f) be the second derivative of 5*f**3/6 + 280*f. Suppose -3*y - 4 = 2*q, 3*q - 8*q - 10 = -4*y. Calculate c(q).
-10
Suppose 61 = -2*h + 7*h + a, 2*a + 60 = 4*h. Let r(w) = -w**2 + 13*w - 7. Let b be r(h). Let p(v) = -2*v - 9. Calculate p(b).
5
Let k = 10 - 8. Suppose 5 = k*j + 1. Let a(s) = -5*s - 5 - 1 + 4. Give a(j).
-12
Let l = -14 + -1. Let i be (6/15)/(3/l). Let q(u) = -u**3 - 3*u**2 - u + 1. Give q(i).
-1
Let p(v) be the third derivative of v**4/24 - 14*v**3/3 + 5*v**2 + 15. Give p(12).
-16
Let j = -24 - -44. Let t(q) = -5*q**2 - 26*q - q**3 + 0*q**3 + j*q - 2. Give t(-4).
6
Let d be 1/((-21)/(-6) + -3). Let s(m) = 3 + 2*m + 8*m**d - 9*m**2 + 0*m**2. What is s(3)?
0
Let f(d) = d**3 - 9*d**2 + 7*d - 11. Suppose -3*x + 16 = -4*v, -31*x = -35*x + 4*v + 24. Calculate f(x).
-19
Let g(o) = o + 10. Let x(d) be the first derivative of -d**3/3 + 3*d**2 - 5*d - 14. Let w be x(6). Calculate g(w).
5
Let l(z) be the third derivative of z**4/8 + 10*z**3/3 + 3*z**2 + 18. Determine l(-4).
8
Let v(a) = -24*a + 7*a - 2 - 1 + 6*a + 12*a. What is v(5)?
2
Let d(j) = j**3 + 7*j**2 - 7. Let u be (-57)/8 + -9*6/(-432). Determine d(u).
-7
Let v(l) = -3*l**2 + 7*l - 6. Let n(s) = 2*s**2 - 5*s + 5. Let m(f) = 4*n(f) + 3*v(f). Calculate m(-5).
-28
Let i(j) = 37*j + 2. Let b(r) = 129*r + 7. Let d(a) = -6*b(a) + 21*i(a). Let x = -2 + 3. Calculate d(x).
3
Let n = -77 - -76. Let r(q) = 10*q**3 - 5*q**2 + 3*q - 1. Let a(j) = -21*j**3 + 9*j**2 - 5*j + 2. Let k(m) = -4*a(m) - 7*r(m). Determine k(n).
-15
Let d be (-6 - (-126)/24)/((-1)/(-12)). Let s(k) = -k**3 - 10*k**2 - 11*k - 11. Calculate s(d).
7
Let v(z) = z**2 - 4*z - 6. Let n = 1578 + -1572. Calculate v(n).
6
Let f(o) = -o**2 + 3*o - 1. Let k(c) = 2*c - 16. Let m be k(9). Suppose 0*u = -u - m*q + 12, 3*q - 9 = 3*u. Calculate f(u).
1
Let p(c) = -18*c**3 - 5*c**2 + 7*c - 5. Let h(b) = 11*b**3 + 3*b**2 - 4*b + 3. Let o(l) = 5*h(l) + 3*p(l). What is o(1)?
2
Let x(f) = f**2 + 3*f + 1. Let u = -26 - 2. Let r = -30 - u. Calculate x(r).
-1
Let u(m) = -m**2 + 2*m + 4. Let k(d) = 3 + 4*d - 23 - 3. Let y be k(7). Calculate u(y).
-11
Let v(w) = -12*w - 4. Let b(z) = -3 - 1 + 0 + 86*z - 98*z. Let p(j) = -2*b(j) + 3*v(j). Determine p(-3).
32
Let m = 44 - 40. Suppose -m - 1 = -n. Let x(p) = -4 - p + 2*p - 2*p. What is x(n)?
-9
Let t(g) be the second derivative of g**5/5 - g**4/2 - 2*g**3/3 + 3*g**2/2 + 2*g. Let h(o) = 3*o**3 - 6*o**2 - 3*o + 2. Let v(x) = 3*h(x) - 2*t(x). Give v(6).
-6
Let h = 197/4 + -577/12. Let d(q) be the third derivative of 0 + 0*q + h*q**3 + 1/24*q**4 + 6*q**2. Calculate d(5).
12
Let j(v) = -v**2 + 3*v - 2 - 70*v**3 + 34*v**3 + 35*v**3 + 0. Give j(2).
-8
Let i(d) = 2*d**2 - 11*d - 11. Let b be i(6). Let f(m) = 5*m + 3. Let o(q) = -4*q - 3. Let y = 8 + -14. Let t(w) = b*f(w) + y*o(w). Give t(6).
-3
Let o(k) be the first derivative of -k**3/3 - 5*k**2 - 10*k + 476. Calculate o(-7).
11
Suppose 2*r + 100 = 4*v - 3*r, 2*r - 50 = -2*v. Suppose m - v - 2 = 0. Suppose -2*k = 5*b - m, -b - k + 16 = 2*b. Let a(z) = z**2 - 5*z - 1. Calculate a(b).
-1
Suppose -22*d - v + 33 = -19*d, -3*v + 51 = 5*d. Let s(r) = r - 4. Determine s(d).
8
Let l(p) = 5*p**2 - 32*p + 16. Let u(v) = 14*v**2 - 92*v + 45. Let j(k) = -17*l(k) + 6*u(k). Give j(-3).
13
Let k(c) = c**2 - c. Let z(x) = -5*x**2 + 14*x + 4. Let n(a) = 6*k(a) + z(a). Let p be (7 - (10 - 4))/(6/((-120)/4)). Give n(p).
-11
Let x(v) = v**2 + v - 11. Let l(h) = -h**2 - 12*h + 10. Let f be l(-13). Let q be 1/2*(3 - (6 + f)). Give x(q).
-11
Suppose 5*r - 30 = -0*r. Let l(k) = r + 4*k**2 - 3*k + 5*k - 8 - k**3. Let h(g) = -g**2 + 4*g + 4. Let d be h(4). Determine l(d).
6
Let p(f) = -f**3 - f**2 + 2*f + 12. Suppose -27*q + 2*q = -q. What is p(q)?
12
Let y(c) = 0 + c**2 + 8*c - 3 + 1 + 11. Determine y(-7).
2
Suppose j = -3 + 5. Let m(t) = -4*t**2 + t. Give m(j).
-14
Suppose 0 = -2*u - 0*u, v = -3*u + 3. Let l(d) = 3*d - 3 + 8 - 4 - 3*d**2 - d**v. Suppose -o + 17 = -4*j, 5*j + 2*o = -o. Calculate l(j).
-8
Let a(t) = -9*t + 2. Let n(o) = 12*o**2 - 108*o. Let g be n(9). What is a(g)?
2
Let k = -17 + 9. Let r(l) be the third derivative of l**5/60 + l**4/3 - 3*l**3/2 - 11*l**2 - 2*l. Calculate r(k).
-9
Suppose 5*d = 10, 8 = -w + 5*w - 4*d. Let o be ((-3)/(-6))/(w/32). Suppose 4*y + b = -o*b - 10, -10 = -5*b. Let t(u) = -u**2 - 3*u + 4. Determine t(y).
-6
Let w(b) = -b**2 - 5*b + 3*b - b + 2*b. Let y be (51/34)/((-1)/2). Determine w(y).
-6
Suppose -g - 4*g - 2*a - 59 = 0, -10 = 5*a. Let h(o) = -o**3 - 10*o**2 + 10*o + 8. Determine h(g).
19
Let o be -5 + 7 - -3*(8 - 7). Let x(g) = g**3 - 7*g**2 + 13*g - 5. Give x(o).
10
Let t = -5 + 13. Suppose k = 2*o - t, 2*k - 5 + 19 = 3*o. Let n(d) = -d**2 - 4*d + 3. What is n(k)?
3
Let l(s) = -s**3 + 4*s**2 + s - 3. Suppose 76 = 25*h + 1. Calculate l(h).
9
Let i(o) be the second derivative of -o**3/2 + 42*o**2 - o + 199. What is i(29)?
-3
Let o(k) = 2 + 2*k - k**2 + 4 + 2*k. Suppose 0 = 2*p + 8 - 22. Let n(h) = -h**3 + 6*h**2 + 8*h - 1. Let w be n(p). What is o(w)?
-6
Let r(q) be the second derivative of -q**6/120 - q**5/10 + q**4/12 + q**3 + 3*q**2 - 17*q. Let m(p) be the first derivative of r(p). Determine m(-6).
-6
Let v(r) = -7*r - 682. Let n be v(-97). Let c(a) = 4*a**3 + a**2 + 2*a - 1. Let j(o) = 3*o**3 + o**2 + o - 1. Let g(m) = -5*c(m) + 7*j(m). Give g(n).
-2
Let h be -2 + 24 + 11 + -10. Let v(q) = -q**3 + 23*q**2 - q + 30. Determine v(h).
7
Let w(a) = -5*a - 26 + 33 + 8 - 19. Calculate w(3).
-19
Let a(j) be the first derivative of j**4/4 + j**2/2 + 6*j + 337. Give a(0).
6
Let k(h) = h**3 - 4. Let f(g) = -g**2 + 13*g - 6. Let r be f(12). Suppose 5*v = -m, 5*m = 3*v - r*v. Give k(m).
-4
Let d = -2 + 5. Let w(y) = 7 + 86619*y - 4 - 86615*y. What is w(d)?
15
Let u(x) = -x + 1. Suppose 7 + 21 = 4*a. Let q be u(a). Let k(j) be the third derivative of -j**5/60 - 5*j**4/24 + 2*j**3/3 + j**2. Determine k(q).
-2
Let j = -604 - -599. Let h(u) = u**3 + 6*u**2 - 16. Determine h(j).
9
Let j(v) = -22*v**2 + 28*v - 22. Let l(d) = -7*d**2 + 9*d - 7. Let t(q) = -5*j(q) + 16*l(q). What is t(2)?
-2
Suppose -11 = -4*d - 3. Let l(x) = 2*x**d - 2*x**2 - x**2 - 2 + 6*x. Calculate l(5).
3
Let j = 219 + -225. Let k(s) = -4*s - 8. What is k(j)?
16
Let a(k) be the second derivative of -k**4/3 + k**2/2 + 2*k. Let z(g) = -g**3 + 55*g**2 + 2*g - 108. Let f be z(55). Give a(f).
-15
Let h(t) = t - 2. Let x = -44 + 29. Let j be x*(0 - 2)/2. Let a = j - 9. Give h(a).
4
Let i(w) = -8*w + 3. Let a(j) = -j**2 - 16*j - 14. Let d be a(-12). Let b = 36 - d. Give i(b).
-13
Suppose 7*v + 36 = -6. Let u(n) = -3*n**2 - 14*n + 2. Give u(v).
-22
Suppose -u = b + 3*b + 105, -2*u = 3*b + 80. Let c be b/13 + (0 - -24). Let v(p) = 6*p - 15 + 6*p**2 - 2*p**2 + c - p**3. What is v(5)?
12
Let g(l) = -5*l**3 + 18*l**2 - l. Let f(m) = m**3 - m**2 - 2*m. Let t(p) = -6*f(p) - g(p). Calculate t(-13).
0
Let r(k) be the third derivative of k**6/120 + k**5/12 - 5*k**4/24 - k**3/6 + k**2. Let t = 1396 + -1402. Calculate r(t).
-7
Let z(k) = 4*k - k**2 + 2 - k**2 - 5. Let j be (-88)/308 + (-60)/(-14). Give z(j).
-19
Let u(r) = -3*r - 4. Let s(o) = 8*o + 3*o - 7 + 19 - 2*o. Let x(w) = -2*s(w) - 7*u(w). Calculate x(-3).
-5
Let h(b) = -3*b**2 + 3*b. Let d = -42 - -44. What is h(d)?
-6
Let t = 11 - 10. Let k(h) = 9*h**3 - 9*h**2 + 8*h. Let j(i) = -8*i**3 + 8*i**2 - 7*i. Let w(o) = -7*j(o) - 6*k(o). Determine w(t).
1
Let x be -1 + 4 - 18/45*5. Let g(w) = 6*w**3 - w**2 + 2*w - 1. Determine g(x).
6
Let i(z) be the second derivative of 0*z**4 + 1/20*z**5 - 1/3*z**3 + 0 - 4*z + 1/2*z**2. Calculate i(-2).
-3
Suppose 0 = -65*m + 42 - 107. Let o(r) = -6*r**2 - r - 2. Determine o(m).
-7
Let k(y) = -10*y - 92. Let q be k(-10). Let z(a) = -a**3 + 8*a**2 - a + 16. Calculate z(q).
8
Let s(p) = -2*p**3 - p**2 - p + 1. Let i(c) = -3*c**3 + 7*c**2 + 13. Let z(y) = -i(y) + 2*s(y). Give z(-9).
7
Let d(p) = -7*p**3 + 3*p**2 + 5*p - 14. Let q(v) = v**3 + v**2 + v. Let t(l) = d(l) + 6*q(l). Calculate t(10).
-4
Let x(a) be the first derivative of 3*a**2/2 + 3*a + 240. Determine x(-2).
-3
Let o be (12/30)/((-2)/60). Let f(a) = -a - 2. Give f(o).
10
Let n(w) = 3*w**2 + w + 1. Let t(v) = -13*v**2 + 5*v - 2. Let s(k) = 4*n(k) + t(k). What is s(9)?
2
Suppose -6*x + 7*x - 2